se 4) in base 2?
110101
35 (base 15) to base 4
302
Convert 69 (base 10) to base 3.
2120
Convert -1d (base 14) to base 8.
-33
1101 (base 5) to base 8
227
5 (base 12) to base 3
12
28 (base 14) to base 9
40
-121 (base 3) to base 6
-24
1 (base 9) to base 10
1
Convert -7 (base 9) to base 15.
-7
-103 (base 5) to base 14
-20
-2 (base 3) to base 10
-2
4 (base 8) to base 13
4
13 (base 10) to base 5
23
Convert 111001 (base 2) to base 10.
57
-2 (base 5) to base 4
-2
-6 (base 14) to base 10
-6
Convert -1 (base 8) to base 12.
-1
Convert 0 (base 10) to base 6.
0
What is -15 (base 15) in base 8?
-24
Convert 20 (base 14) to base 9.
31
What is -31 (base 7) in base 2?
-10110
113 (base 6) to base 7
63
11101 (base 2) to base 14
21
What is 4 (base 15) in base 10?
4
Convert -2 (base 4) to base 6.
-2
Convert 6 (base 14) to base 4.
12
What is -3 (base 5) in base 3?
-10
Convert 4 (base 11) to base 16.
4
202 (base 3) to base 5
40
What is -18 (base 14) in base 10?
-22
What is 92 (base 10) in base 5?
332
222 (base 6) to base 16
56
-6 (base 10) to base 3
-20
20 (base 9) to base 4
102
What is 154 (base 6) in base 11?
64
Convert 1100 (base 2) to base 8.
14
-24 (base 16) to base 3
-1100
-1121 (base 3) to base 5
-133
-14 (base 15) to base 6
-31
What is -223 (base 6) in base 9?
-106
-7 (base 8) to base 2
-111
What is -2112 (base 3) in base 14?
-4c
Convert 0 (base 11) to base 14.
0
What is -2 (base 14) in base 4?
-2
Convert -327 (base 10) to base 7.
-645
What is -1e (base 15) in base 6?
-45
100101 (base 2) to base 6
101
4 (base 5) to base 12
4
Convert -6 (base 12) to base 7.
-6
What is 33 (base 8) in base 12?
23
Convert -36 (base 8) to base 4.
-132
-88 (base 15) to base 2
-10000000
What is -3 (base 8) in base 13?
-3
Convert -16 (base 8) to base 6.
-22
300 (base 4) to base 9
53
What is 3 (base 14) in base 8?
3
Convert -24 (base 10) to base 12.
-20
What is -12 (base 6) in base 8?
-10
-5 (base 9) to base 13
-5
-e (base 16) to base 2
-1110
What is -2 (base 6) in base 16?
-2
What is 0 (base 14) in base 6?
0
111 (base 3) to base 8
15
Convert -48 (base 16) to base 4.
-1020
What is -d (base 15) in base 6?
-21
-100 (base 4) to base 8
-20
What is -6 (base 15) in base 4?
-12
What is -59 (base 15) in base 9?
-103
Convert -2 (base 13) to base 9.
-2
What is -46 (base 11) in base 16?
-32
What is 320 (base 5) in base 4?
1111
Convert 73 (base 11) to base 6.
212
-27 (base 8) to base 6
-35
What is -10 (base 2) in base 8?
-2
Convert -50 (base 12) to base 5.
-220
What is -6 (base 9) in base 5?
-11
-21112 (base 3) to base 4
-3023
What is 1030 (base 6) in base 9?
280
-2 (base 4) to base 2
-10
Convert -32 (base 12) to base 15.
-28
20 (base 6) to base 13
c
What is 9 (base 13) in base 15?
9
11111 (base 3) to base 13
94
Convert -7c (base 15) to base 10.
-117
Convert -1 (base 7) to base 12.
-1
1131 (base 5) to base 16
a6
What is -35 (base 8) in base 7?
-41
214 (base 6) to base 13
64
Convert -3 (base 11) to base 4.
-3
11 (base 4) to base 7
5
What is -146 (base 12) in base 2?
-11000110
-16 (base 14) to base 10
-20
What is -5 (base 16) in base 6?
-5
12 (base 6) to base 16
8
Convert 2100 (base 3) to base 13.
4b
-62 (base 15) to base 8
-134
Convert -6 (base 16) to base 15.
-6
What is 7a (base 16) in base 13?
95
What is -11011 (base 2) in base 15?
-1c
-14 (base 7) to base 12
-b
Convert 28 (base 10) to base 6.
44
Convert 324 (base 5) to base 12.
75
-40 (base 13) to base 16
-34
Convert -1 (base 5) to base 8.
-1
What is 5 (base 7) in base 2?
101
Convert 1 (base 14) to base 3.
1
Convert 14 (base 8) to base 10.
12
4a (base 15) to base 11
64
What is -6 (base 9) in base 3?
-20
What is 0 (base 2) in base 5?
0
-22 (base 4) to base 5
-20
11 (base 9) to base 16
a
Convert 29 (base 12) to base 8.
41
-3 (base 7) to base 8
-3
Convert -2 (base 6) to base 16.
-2
345 (base 9) to base 5
2114
Convert -11 (base 7) to base 15.
-8
Convert -5 (base 16) to base 11.
-5
35 (base 11) to base 2
100110
-14 (base 9) to base 8
-15
Convert -4 (base 15) to base 5.
-4
Convert 0 (base 2) to base 11.
0
What is -100010 (base 2) in base 6?
-54
3 (base 13) to base 2
11
Convert -22 (base 5) to base 3.
-110
What is -11 (base 15) in base 4?
-100
Convert 1b (base 14) to base 16.
19
What is 5 (base 7) in base 11?
5
-1 (base 2) to base 6
-1
Convert 426 (base 8) to base 13.
185
What is 2 (base 16) in base 11?
2
What is 5 (base 6) in base 12?
5
0 (base 15) to base 8
0
Convert -7 (base 13) to base 7.
-10
What is 11 (base 9) in base 8?
12
-4c (base 13) to base 7
-121
-4 (base 8) to base 2
-100
-2 (base 15) to base 12
-2
3c (base 13) to base 16
33
What is 2 (base 16) in base 12?
2
Convert 3 (base 7) to base 5.
3
What is -45 (base 12) in base 8?
-65
What is 11 (base 7) in base 12?
8
Convert 9 (base 11) to base 9.
10
-100 (base 5) to base 6
-41
-35 (base 7) to base 4
-122
Convert 269 (base 10) to base 15.
12e
What is 47 (base 8) in base 16?
27
-64 (base 12) to base 16
-4c
What is 13 (base 10) in base 16?
d
Convert -11 (base 7) to base 13.
-8
What is 274 (base 8) in base 2?
10111100
Convert -13 (base 5) to base 3.
-22
Convert -49 (base 10) to base 3.
-1211
Convert 1011100 (base 2) to base 14.
68
Convert -12 (base 5) to base 11.
-7
12 (base 5) to base 7
10
-3 (base 4) to base 13
-3
What is -200 (base 5) in base 16?
-32
Convert -118 (base 9) to base 16.
-62
-214 (base 10) to base 3
-21221
Convert 6 (base 15) to base 9.
6
-31 (base 4) to base 2
-1101
Convert 1223 (base 4) to base 5.
412
53 (base 12) to base 5
223
13 (base 10) to base 4
31
What is 5 (base 12) in base 3?
12
What is 2 (base 6) in base 15?
2
What is 7b (base 12) in base 2?
1011111
-21 (base 9) to base 4
-103
What is 6a (base 11) in base 7?
136
Convert 3 (base 4) to base 6.
3
Convert -130 (base 9) to base 4.
-1230
-2 (base 12) to base 15
-2
What is 172 (base 10) in base 13?
103
Convert -10 (base 6) to base 10.
-6
What is 3 (base 12) in base 3?
10
What is 13 (base 4) in base 7?
10
Convert -42 (base 5) to base 6.
-34
Convert 3 (base 15) to base 8.
3
What is -80 (base 13) in base 8?
-150
-6 (base 13) to base 8
-6
What is -a (base 16) in base 12?
-a
-a7 (base 11) to base 3
-11100
Convert 142 (base 12) to base 9.
235
Convert -5 (base 7) to base 12.
-5
46 (base 9) to base 3
1120
3 (base 14) to base 5
3
-2 (base 10) to base 11
-2
-1 (base 11) to base 10
-1
Convert -110210 (base 3) to base 4.
-11121
What is 143 (base 12) in base 3?
21020
Convert -57 (base 10) to base 9.
-63
What is -a (base 14) in base 2?
-1010
What is -48 (base 14) in base 3?
-2101
54 (base 12) to base 5
224
What is 2 (base 8) in base 7?
2
What is c (base 13) in base 16?
c
Convert 224 (base 6) to base 14.
64
Convert -1f (base 16) to base 15.
-21
What is 2301 (base 4) in base 15?
bc
Convert -22 (base 9) to base 12.
-18
Convert 1 (base 15) to base 13.
1
Convert -2 (base 12) to base 9.
-2
What is 2 (base 4) in base 3?
2
Convert 23 (base 5) to base 8.
15
Convert 1302 (base 4) to base 2.
1110010
Convert 1 (base 5) to base 10.
1
What is -1101 (base 2) in base 15?
-d
Convert -133 (base 10) to base 16.
-85
Convert 2 (base 16) to base 10.
2
105 (base 6) to base 10
41
What is 2 (base 12) in base 16?
2
43 (base 8) to base 2
100011
Convert -158 (base 12) to base 8.
-324
-55 (base 6) to base 5
-120
50 (base 6) to base 8
36
Convert 235 (base 11) to base 6.
1144
Convert 1 (base 8) to base 6.
1
Convert 30 (base 4) to base 10.
12
Convert 414 (base 9) to base 11.
287
What is -28 (base 16) in base 13?
-31
Convert -3f (base 16) to base 13.
-4b
1000 (base 2) to base 3
22
What is -39 (base 13) in base 11?
-44
Convert 5 (base 7) to base 8.
5
Convert -11 (base 8) to base 12.
-9
Convert -1d (base 14) to base 13.
-21
52 (base 12) to base 2
111110
What is 3 (base 16) in base 7?
3
Convert 1 (base 13) to base 11.
1
5 (base 15) to base 11
5
What is -2d (base 15) in base 2?
-101011
11 (base 8) to base 2
1001
What is 1110 (base 3) in base 11?
36
1424 (base 5) to base 10
239
What is c (base 16) in base 15?
c
Convert 0 (base 7) to base 9.
0
What is 11110 (base 2) in base 9?
33
What is 1001 (base 2) in base 15?
9
Convert -1b (base 14) to base 5.
-100
What is 0 (base 14) in base 7?
0
What is 0 (base 14) in base 2?
0
-5 (base 6) to base 8
-5
What is -8 (base 15) in base 5?
-13
-1f (base 16) to base 4
-133
-31 (base 11) to base 3
-1021
Convert 3 (base 7) to base 8.
3
-104 (base